-52 + 54. Suppose 3*o - 13 = 3*b + b, -2*b = d*o - 18. What is the highest common divisor of 77 and o?
7
Let w = -38 - -41. Let b be w/((-1 - 1) + 3) + 0. Let h be ((-4)/6 + 0)*-3. What is the greatest common divisor of b and h?
1
Suppose -g - 3*k + 202 = 0, 4*g + 0*k - 823 = 3*k. Calculate the highest common factor of 15 and g.
5
Suppose -8*l = -4*l - 5*u - 21, -u - 21 = -5*l. Let x(y) = y**2 - 6. Let z be x(l). Calculate the highest common divisor of z and 90.
10
Let l = -478 - -1198. Calculate the highest common divisor of l and 80.
80
Suppose 3*t - 809 = -5*v - 207, -v = -t + 206. What is the greatest common divisor of t and 12?
12
Let k(d) = 0*d**2 - 4 + 4*d + 3*d**2 - 2*d**2. Let l = -8 - -2. Let i be k(l). What is the highest common factor of 4 and i?
4
Let c(d) = d**2 - 10*d - 2. Let o be c(11). Suppose -14*k - 295 = -o*k. Let n = k - -88. What is the greatest common factor of n and 29?
29
Let x(d) = -6*d - 2. Suppose 0 = -25*v + 27*v + 30. Let z be x(v). Suppose -n + 16 = -6. What is the highest common divisor of z and n?
22
Suppose 42*g - 1762 = 1262. Let u = 40 + -22. What is the greatest common factor of g and u?
18
Let d = -2 + 46. Let b(x) be the first derivative of x**3/3 - x**2 + 3*x + 2. Let l be b(4). Calculate the highest common divisor of d and l.
11
Suppose -2*c - 125 = -3*c + 5*s, 0 = -2*c + 2*s + 258. What is the greatest common divisor of 40 and c?
10
Suppose r - 22 = -6. Suppose 2*f + 4 = r. Calculate the greatest common divisor of f and 9.
3
Suppose 4*m + 3*m = 49. Suppose 2*q - 432 = -m*q. Calculate the greatest common factor of q and 16.
16
Let s = -28 - -25. Let x be 57*(32/(-12) - s). Calculate the greatest common divisor of 38 and x.
19
Let q = -1001 - -1021. Calculate the highest common factor of 150 and q.
10
Let g(h) = -4*h - 26. Let j be g(-10). Let r = -2 + j. Let k be 11/4 + 1/4. What is the greatest common divisor of r and k?
3
Suppose 2*x + 2 = 3*l + 35, 101 = 4*x + l. Let g(u) = -u + 4. Let i be g(2). Let c be (-15 + -1)*(i + -3). What is the greatest common factor of c and x?
8
Let b = 299 - 279. Calculate the greatest common divisor of b and 80.
20
Let q be ((-58)/(-3))/(12/18). Suppose -2*g = 3*v + 3*g - 27, v - 5*g = q. Let j = v + 2. Calculate the highest common divisor of 32 and j.
16
Let f(w) = w**3 + 15*w**2 + 17*w + 41. Let g be f(-14). Let o(r) = r - 1. Let t be o(3). Let x be g + 4 + t + -3. What is the highest common factor of x and 10?
2
Suppose -8 = -5*c + c. Suppose -q + 4 = 2*o - 3, -o = -1. Suppose -c*n + n = -q. What is the highest common factor of 15 and n?
5
Let h be (-1 - 13/2)*1224/(-459). What is the highest common divisor of 8 and h?
4
Let j = -27 + 32. Suppose 0 = -j*u + 3*u + 416. Calculate the highest common factor of u and 26.
26
Let s be 158/6 - 6/(-9). Let u(i) = -302*i - 1154. Let o be u(-4). Calculate the highest common factor of o and s.
27
Suppose -2462 + 2472 = 5*f. Suppose -x + 21 - 5 = 0. What is the greatest common factor of x and f?
2
Suppose 0 = -80*o + 85*o, -4*o + 595 = 5*s. What is the highest common divisor of 272 and s?
17
Let p = 4528 + -4512. Suppose 5*q - 203 = 117. What is the highest common divisor of q and p?
16
Suppose 26 = 8*x - 502. Let d = x + -33. What is the greatest common divisor of d and 231?
33
Suppose 71*z - 115*z + 352 = 0. What is the greatest common factor of z and 172?
4
Let x = 99 - 95. Suppose 0 = -2*n + n - 2*a + 46, x*n - 4*a - 172 = 0. What is the highest common factor of 110 and n?
22
Let l = -2 - -6. Suppose -j = 2*n - 4, -4*n = j + l*j - 8. Let f(c) = c - 3. Let w be f(8). What is the greatest common factor of w and n?
1
Let w be (-3)/(-9)*(1 - (-61 + 2)). Calculate the greatest common divisor of w and 90.
10
Let i(f) = -f**3 + f**2 - 2*f + 4. Let a be i(0). Let s = 3 + -3. Let l(p) = -2*p + 1. Let y be l(s). What is the highest common divisor of a and y?
1
Suppose -5*z - 8 = -z. Let u be -2*(3870/(-70) + z/(-7)). What is the greatest common divisor of u and 10?
10
Let t = 582 - 567. What is the highest common factor of 120 and t?
15
Let k = -905 - -1305. What is the greatest common factor of 50 and k?
50
Suppose 0*h + 510 = 6*h. Suppose -3 = -0*y - 3*y. Let n be 34/(-2 + (y - -2)). What is the greatest common factor of h and n?
17
Let z = 67 - -3. Let y = -39 - -38. Let f(x) = -9*x + 1. Let o be f(y). What is the highest common factor of z and o?
10
Suppose -3 - 9 = -3*r. Let j be 30/(-105) - 47/7. Let k be (-3)/(-1) - 6 - j. What is the greatest common factor of r and k?
4
Suppose n - i + 28 = 2*n, -n + 19 = 4*i. Let w = -16 + n. Let d = 27 - w. Calculate the greatest common factor of 96 and d.
12
Let f be (324/(-60))/((-2)/10). Suppose -5*x + 213 = -f. What is the highest common factor of 16 and x?
16
Suppose 52*o - 3*o = 15827. Calculate the highest common divisor of o and 34.
17
Let q be (5032/(-6) - 0)/(442/(-663)). Calculate the highest common factor of q and 37.
37
Let i(p) = -104*p**3 - 11*p - 11. Let o be i(-1). Calculate the greatest common divisor of o and 390.
26
Let r = -824 - -589. Let a = -158 - r. Suppose -5*n + 47 = t - 8, -2*t + a = -n. Calculate the greatest common factor of 60 and t.
20
Suppose 180 = 3*c + c. Suppose s + 18 = 23. Calculate the highest common factor of c and s.
5
Suppose -4*m - 214 = -p, 5*p = 29*m - 24*m + 1100. Calculate the greatest common divisor of p and 370.
74
Let o(u) = -u**3 - 11*u**2 - 13*u - 15. Let l be o(-10). Suppose 4 = -2*t, -43 - 9 = -v - 4*t. What is the highest common divisor of v and l?
15
Let g = -101 - -103. Let y(u) = u**2 + 12*u + 25. Let d be y(-11). Calculate the highest common divisor of d and g.
2
Suppose 2*q - l - 1802 = 0, -39*q = -44*q + 4*l + 4499. What is the greatest common factor of q and 86?
43
Let u = -11 - -9. Let i(b) = 23*b**2 + 2*b. Let q be i(u). Suppose -23 + 1 = -2*d. What is the greatest common factor of q and d?
11
Let f(d) = -23*d + 4. Let j be f(-10). What is the greatest common divisor of j and 18?
18
Suppose 11*t - 141 = 112. Calculate the highest common factor of 207 and t.
23
Suppose -2*n + 39 = -5*t, -5*t = -10*n + 6*n + 53. Calculate the highest common divisor of 63 and n.
7
Suppose 11*i - 14*i - 24 = 0. Let r = 27 + i. What is the greatest common divisor of r and 209?
19
Let p(b) = -3*b - 7. Let r(o) = -10*o - 21. Let m(h) = -7*p(h) + 2*r(h). Let w be m(7). Calculate the greatest common factor of w and 14.
14
Let u = -2178 - -2256. What is the greatest common divisor of 6 and u?
6
Let l be ((-12)/10)/((-18)/45). Suppose -3*q - 419 = -l*z + q, -q = -5*z + 670. Calculate the highest common divisor of z and 19.
19
Let b = 122 - 47. Suppose -v + f - 2 = 0, 14 - 3 = -3*v + 4*f. Suppose -30 = -v*a + 2*a. What is the greatest common divisor of b and a?
15
Let d(r) = 7*r**3 - 6*r**2 + 4*r. Let i be d(4). Suppose -150 = -3*g - 4*f, -12*f - 77 = -2*g - 7*f. Calculate the highest common divisor of i and g.
46
Let k = 10233 - 10191. Let d = 5 - -9. What is the highest common divisor of d and k?
14
Let n = -163 + 179. What is the highest common factor of n and 1?
1
Suppose -2*f - 66 = -3*z + 22, 5*f - 130 = -5*z. Calculate the greatest common divisor of z and 12.
4
Let m = 350 + -181. Calculate the highest common divisor of 26 and m.
13
Let t be 342/(-21)*(-5 - 4/2). Let s be (-3)/4 + t/24. What is the greatest common divisor of 4 and s?
4
Let n = -29 + 19. Let g = n - -14. Let t = 107 + -63. Calculate the highest common divisor of t and g.
4
Let k = -389 + 398. Suppose -3*t + 77 = t + 5*n, 2*t - 3*n - 33 = 0. Calculate the greatest common factor of k and t.
9
Suppose 18*g - 20*g + 66 = 0. Suppose -6*b + 15 = -g. What is the greatest common divisor of b and 1?
1
Suppose 5*z = 324 - 134. Let m(y) = -y**3 + 8*y**2 + 14*y - 53. Let w be m(8). Let r = w - z. What is the highest common factor of r and 7?
7
Suppose -22 = 2*b + j, -5*b + 2*j = 6*j + 61. Let n = -14 - b. Let a be (-4)/10*n*9. Calculate the greatest common divisor of 18 and a.
18
Let n(u) = 57*u - 19. Let a be n(3). Calculate the highest common factor of a and 24.
8
Let v = -20 + 32. Let b(c) = -68*c - 13. Let f(y) = 205*y + 38. Let o(i) = -8*b(i) - 3*f(i). Let n be o(-2). Calculate the greatest common divisor of v and n.
12
Suppose -5*f - 2*f = 0. Suppose 3*s + 8 + 10 = f. Let k be 3/s*(-47